, 71, 179
What are the prime factors of 12615242?
2, 6307621
List the prime factors of 1670267.
17, 98251
What are the prime factors of 339605?
5, 7, 31, 313
List the prime factors of 42222.
2, 3, 31, 227
What are the prime factors of 2396665?
5, 149, 3217
What are the prime factors of 184079?
7, 26297
What are the prime factors of 6443777?
337, 19121
List the prime factors of 844440.
2, 3, 5, 31, 227
List the prime factors of 8737782.
2, 3, 59, 24683
List the prime factors of 3193478.
2, 1596739
What are the prime factors of 362241?
3, 11, 3659
What are the prime factors of 291468?
2, 3, 107, 227
What are the prime factors of 5497999?
13, 422923
What are the prime factors of 8533299?
3, 19, 23, 283
List the prime factors of 28379.
13, 37, 59
What are the prime factors of 69788?
2, 73, 239
What are the prime factors of 333201?
3, 11, 23, 439
List the prime factors of 30978.
2, 3, 1721
What are the prime factors of 522155?
5, 17, 6143
What are the prime factors of 974945?
5, 194989
What are the prime factors of 28492?
2, 17, 419
What are the prime factors of 251551?
23, 10937
List the prime factors of 424506.
2, 3, 139, 509
What are the prime factors of 775122?
2, 3, 129187
List the prime factors of 237168.
2, 3, 61
List the prime factors of 12058445.
5, 7, 19, 18133
List the prime factors of 10596307.
23, 460709
What are the prime factors of 3969839?
29, 367, 373
What are the prime factors of 3726853?
13, 43, 59, 113
List the prime factors of 2662572.
2, 3, 11, 23, 877
What are the prime factors of 1728713?
7, 17, 73, 199
List the prime factors of 14841030.
2, 3, 5, 139, 3559
List the prime factors of 2424567.
3, 61, 13249
List the prime factors of 2733767.
101, 27067
List the prime factors of 14069904.
2, 3, 293123
What are the prime factors of 3124264?
2, 11, 13, 2731
What are the prime factors of 1847784?
2, 3, 76991
List the prime factors of 1247035.
5, 17, 863
What are the prime factors of 8239494?
2, 3, 1009, 1361
List the prime factors of 26180063.
7, 13, 73, 563
What are the prime factors of 12489916?
2, 19, 164341
What are the prime factors of 514145?
5, 102829
What are the prime factors of 149607?
3, 1847
What are the prime factors of 288646?
2, 144323
What are the prime factors of 14520592?
2, 389, 2333
List the prime factors of 263120.
2, 5, 11, 13, 23
What are the prime factors of 21000728?
2, 7, 47, 79, 101
What are the prime factors of 11182436?
2, 37, 75557
List the prime factors of 382057.
13, 29389
What are the prime factors of 68786?
2, 163, 211
List the prime factors of 5497669.
19, 97, 157
List the prime factors of 358221.
3, 97, 1231
List the prime factors of 194842.
2, 37, 2633
List the prime factors of 2546583.
3, 13, 17, 23, 167
What are the prime factors of 3627013?
13, 279001
What are the prime factors of 2597811?
3, 865937
What are the prime factors of 1345442?
2, 7, 13729
What are the prime factors of 265086?
2, 3, 4909
What are the prime factors of 7805950?
2, 5, 156119
List the prime factors of 3176985.
3, 5, 7, 79, 383
What are the prime factors of 11248316?
2, 601, 4679
List the prime factors of 341870.
2, 5, 17, 2011
What are the prime factors of 415091?
443, 937
What are the prime factors of 549165?
3, 5, 31, 1181
What are the prime factors of 273430?
2, 5, 37, 739
What are the prime factors of 15147652?
2, 13, 37, 7873
List the prime factors of 921509.
71, 12979
What are the prime factors of 409550?
2, 5, 8191
What are the prime factors of 30705164?
2, 7, 156659
What are the prime factors of 1145468?
2, 286367
List the prime factors of 5057472.
2, 3, 7, 53, 71
List the prime factors of 217202.
2, 223, 487
What are the prime factors of 526089?
3, 29, 6047
What are the prime factors of 21905303?
7, 89, 5023
List the prime factors of 11869931.
31, 463, 827
What are the prime factors of 1622396?
2, 405599
List the prime factors of 10398496.
2, 324953
What are the prime factors of 475389?
3, 5869
What are the prime factors of 4736791?
4736791
List the prime factors of 388991.
388991
List the prime factors of 553711.
43, 79, 163
List the prime factors of 59051.
59051
List the prime factors of 5421790.
2, 5, 11, 23, 2143
List the prime factors of 77323.
77323
What are the prime factors of 2127080?
2, 5, 41, 1297
What are the prime factors of 324462?
2, 3, 17, 3181
What are the prime factors of 915101?
11, 23, 3617
List the prime factors of 10405275.
3, 5, 17, 8161
What are the prime factors of 83430?
2, 3, 5, 103
What are the prime factors of 1158257?
23, 50359
List the prime factors of 8636388.
2, 3, 719699
What are the prime factors of 432234?
2, 3, 11, 37, 59
What are the prime factors of 47693?
37, 1289
What are the prime factors of 14391668?
2, 37, 97241
What are the prime factors of 655690?
2, 5, 7, 17, 19, 29
What are the prime factors of 13759901?
173, 79537
List the prime factors of 5154134.
2, 61, 83, 509
List the prime factors of 89349.
3, 13, 29, 79
What are the prime factors of 3624760?
2, 5, 90619
What are the prime factors of 50075?
5, 2003
What are the prime factors of 6366639?
3, 2122213
List the prime factors of 430557.
3, 143519
What are the prime factors of 193954?
2, 37, 2621
List the prime factors of 6340026.
2, 3, 7, 11, 13723
List the prime factors of 7639671.
3, 13, 31, 71, 89
List the prime factors of 127089.
3, 523
List the prime factors of 32236364.
2, 317, 25423
List the prime factors of 403484.
2, 19, 5309
List the prime factors of 6062990.
2, 5, 606299
List the prime factors of 4249976.
2, 31, 17137
What are the prime factors of 122286?
2, 3, 89, 229
List the prime factors of 8526487.
67, 127261
List the prime factors of 3335875.
5, 26687
List the prime factors of 1573438.
2, 786719
What are the prime factors of 194156?
2, 48539
What are the prime factors of 7361356?
2, 457, 4027
List the prime factors of 1221782.
2, 610891
What are the prime factors of 2080974?
2, 3, 7, 49547
What are the prime factors of 3062487?
3, 29, 35201
List the prime factors of 28240673.
28240673
What are the prime factors of 302458?
2, 13, 11633
What are the prime factors of 9350304?
2, 3, 173, 563
What are the prime factors of 8689129?
8689129
What are the prime factors of 22619?
22619
List the prime factors of 9053649.
3, 11, 109, 839
List the prime factors of 2248390.
2, 5, 151, 1489
What are the prime factors of 316501?
316501
What are the prime factors of 558638?
2, 19, 61, 241
List the prime factors of 204407.
7, 29201
List the prime factors of 19395141.
3, 23, 37, 71, 107
List the prime factors of 22562428.
2, 7, 311, 2591
What are the prime factors of 7655027?
7655027
List the prime factors of 278540.
2, 5, 19, 733
What are the prime factors of 692316?
2, 3, 19231
List the prime factors of 344227.
13, 26479
What are the prime factors of 660547?
660547
List the prime factors of 196430.
2, 5, 13, 1511
List the prime factors of 1726815.
3, 5, 19, 73, 83
What are the prime factors of 3157749?
3, 7, 50123
What are the prime factors of 4091976?
2, 3, 7, 23, 353
What are the prime factors of 5752301?
5752301
What are the prime factors of 1044141?
3, 7, 7103
What are the prime factors of 150080?
2, 5, 7, 67
List the prime factors of 53306.
2, 11, 2423
What are the prime factors of 37387294?
2, 7, 241, 1583
List the prime factors of 5338207.
7, 108943
What are the prime factors of 4365147?
3, 23, 41, 1543
What are the prime factors of 2799881?
7, 399983
What are the prime factors of 10997852?
2, 43, 1487
List the prime factors of 2707138.
2, 7, 193367
List the prime factors of 721628.
2, 223, 809
What are the prime factors of 427721?
7, 29, 43
List the prime factors of 4507899.
3, 11, 136603
What are the prime factors of 517636?
2, 7, 19, 139
What are the prime factors of 3043848?
2, 3, 126827
What are the prime factors of 11535304?
2, 11, 47, 2789
List the prime factors of 355499.
355499
List the prime factors of 390156.
2, 3, 13, 41, 61
What are the prime factors of 13005972?
2, 3, 7, 73, 101
List the prime factors of 8191328.
2, 43, 5953
List the prime factors of 282556.
2, 70639
What are the prime factors of 2225567?
2225567
List the prime factors of 274292.
2, 47, 1459
What are the prime factors of 268688?
2, 7, 2399
List the prime factors of 8307383.
7, 1186769
List the prime factors of 182770.
2, 